e greatest common factor of 3735 and 225.
45
Calculate the greatest common divisor of 240 and 270.
30
Calculate the greatest common factor of 20 and 188.
4
What is the highest common factor of 104 and 1508?
52
What is the highest common divisor of 6380 and 928?
116
Calculate the greatest common factor of 728 and 13.
13
What is the greatest common divisor of 7812 and 84?
84
Calculate the greatest common factor of 4030 and 124.
62
What is the highest common divisor of 42 and 47?
1
Calculate the greatest common factor of 369 and 3.
3
What is the highest common factor of 460 and 160?
20
Calculate the highest common factor of 608 and 19.
19
What is the highest common divisor of 22 and 22?
22
What is the greatest common divisor of 38296 and 16?
8
Calculate the highest common divisor of 6 and 303.
3
Calculate the highest common divisor of 130 and 1470.
10
What is the greatest common factor of 3 and 12?
3
What is the greatest common divisor of 178 and 20114?
178
Calculate the highest common divisor of 8498 and 14.
14
What is the highest common divisor of 361 and 38?
19
What is the highest common factor of 210 and 1280?
10
Calculate the greatest common factor of 20 and 260.
20
Calculate the highest common factor of 1066 and 39.
13
Calculate the greatest common factor of 3950 and 50.
50
What is the highest common factor of 27 and 13068?
27
Calculate the highest common divisor of 32 and 688.
16
Calculate the greatest common divisor of 54 and 2619.
27
Calculate the highest common divisor of 208 and 160.
16
Calculate the greatest common divisor of 3 and 219.
3
What is the greatest common divisor of 481 and 74?
37
Calculate the highest common factor of 37650 and 150.
150
What is the highest common divisor of 620 and 60?
20
What is the highest common divisor of 156 and 208?
52
What is the greatest common factor of 92 and 161?
23
What is the greatest common divisor of 4060 and 105?
35
What is the greatest common factor of 512 and 192?
64
What is the highest common divisor of 56 and 112?
56
What is the greatest common divisor of 37 and 851?
37
What is the greatest common divisor of 529 and 391?
23
Calculate the greatest common divisor of 1960 and 20.
20
Calculate the greatest common divisor of 29 and 116.
29
What is the greatest common divisor of 14 and 1750?
14
What is the highest common divisor of 3927 and 693?
231
Calculate the greatest common factor of 38 and 2698.
38
What is the greatest common divisor of 48 and 144?
48
Calculate the greatest common factor of 501 and 33.
3
What is the highest common divisor of 29 and 377?
29
What is the highest common divisor of 3 and 147?
3
What is the highest common factor of 57 and 114?
57
Calculate the greatest common factor of 144 and 441.
9
What is the highest common divisor of 103642 and 154?
154
Calculate the highest common factor of 656 and 533.
41
What is the highest common divisor of 120 and 16680?
120
What is the greatest common factor of 26 and 5174?
26
Calculate the greatest common factor of 208 and 9542.
26
What is the highest common divisor of 13 and 1378?
13
Calculate the greatest common factor of 2702 and 28.
14
Calculate the greatest common divisor of 154 and 5544.
154
Calculate the highest common divisor of 99 and 72.
9
What is the greatest common divisor of 1494 and 18?
18
What is the greatest common factor of 48 and 228?
12
Calculate the highest common divisor of 168 and 147.
21
What is the highest common divisor of 928 and 986?
58
Calculate the highest common divisor of 1276 and 11.
11
What is the highest common divisor of 138 and 10074?
138
Calculate the highest common divisor of 1575 and 210.
105
What is the greatest common factor of 5475 and 100?
25
Calculate the greatest common factor of 455 and 2366.
91
What is the highest common divisor of 17030 and 26?
26
Calculate the highest common divisor of 54 and 2.
2
Calculate the highest common factor of 3 and 2.
1
Calculate the highest common divisor of 21 and 129.
3
What is the greatest common divisor of 111 and 148?
37
Calculate the highest common factor of 3430 and 70.
70
What is the greatest common divisor of 32 and 304?
16
Calculate the highest common divisor of 15 and 205.
5
What is the greatest common divisor of 1406 and 114?
38
Calculate the greatest common divisor of 50 and 10.
10
What is the highest common factor of 813 and 18?
3
Calculate the greatest common divisor of 168 and 200.
8
Calculate the highest common divisor of 27 and 15.
3
What is the greatest common factor of 25 and 1175?
25
Calculate the highest common factor of 231 and 21.
21
What is the highest common factor of 7067 and 148?
37
Calculate the highest common divisor of 11185 and 5.
5
What is the highest common factor of 7824 and 96?
48
Calculate the greatest common factor of 136 and 170.
34
What is the highest common divisor of 5 and 21685?
5
Calculate the highest common factor of 84 and 1218.
42
Calculate the highest common factor of 6 and 54.
6
Calculate the highest common factor of 112 and 2960.
16
Calculate the highest common divisor of 14940 and 15.
15
What is the highest common divisor of 825 and 99?
33
What is the highest common divisor of 14763 and 532?
133
What is the highest common divisor of 125 and 18?
1
What is the highest common divisor of 27 and 12?
3
What is the highest common divisor of 494 and 1729?
247
Calculate the greatest common factor of 370 and 30.
10
Calculate the greatest common factor of 56 and 154.
14
What is the greatest common factor of 18563 and 57?
19
Calculate the highest common factor of 2 and 23.
1
Calculate the greatest common factor of 1738 and 11.
11
What is the highest common divisor of 495 and 630?
45
What is the highest common divisor of 639 and 63?
9
Calculate the greatest common factor of 76 and 2280.
76
Calculate the greatest common factor of 46 and 414.
46
What is the highest common factor of 16 and 1296?
16
What is the highest common factor of 472 and 2006?
118
Calculate the highest common factor of 380 and 38.
38
Calculate the greatest common factor of 2160 and 3060.
180
Calculate the highest common factor of 2709 and 42.
21
Calculate the highest common divisor of 3 and 447.
3
What is the greatest common factor of 333 and 117?
9
What is the highest common factor of 27 and 24?
3
Calculate the greatest common divisor of 19 and 152.
19
What is the highest common factor of 4095 and 45?
45
What is the greatest common divisor of 210 and 1230?
30
Calculate the greatest common factor of 403 and 130.
13
What is the greatest common factor of 6 and 96?
6
What is the highest common factor of 1300 and 900?
100
Calculate the greatest common divisor of 18 and 1062.
18
What is the highest common divisor of 25 and 2115?
5
Calculate the greatest common divisor of 1353 and 264.
33
Calculate the greatest common divisor of 15 and 83565.
15
What is the greatest common divisor of 27 and 522?
9
Calculate the greatest common factor of 291 and 97.
97
What is the highest common divisor of 10 and 3730?
10
What is the highest common factor of 180 and 90?
90
What is the greatest common factor of 5 and 27?
1
What is the highest common divisor of 21 and 112?
7
What is the highest common divisor of 672 and 476?
28
What is the highest common divisor of 14 and 7063?
7
What is the highest common factor of 2988 and 108?
36
What is the greatest common divisor of 91 and 7891?
13
What is the highest common factor of 1749 and 11?
11
What is the greatest common divisor of 328 and 1763?
41
What is the highest common divisor of 232 and 8?
8
Calculate the highest common factor of 130 and 585.
65
What is the highest common divisor of 288 and 1248?
96
Calculate the greatest common divisor of 256 and 112.
16
What is the greatest common factor of 26 and 923?
13
What is the greatest common divisor of 6 and 834?
6
Calculate the highest common divisor of 899 and 29.
29
Calculate the greatest common factor of 1003 and 17.
17
Calculate the highest common factor of 4096 and 128.
128
Calculate the greatest common divisor of 40 and 1640.
40
Calculate the highest common divisor of 176 and 297.
11
Calculate the greatest common factor of 266 and 42.
14
What is the highest common factor of 744 and 888?
24
Calculate the highest common factor of 15 and 20.
5
Calculate the greatest commo